-- phpMyAdmin SQL Dump
-- version 4.7.7
-- https://www.phpmyadmin.net/
--
-- Servidor: localhost:3306
-- Tiempo de generación: 12-06-2018 a las 12:11:25
-- Versión del servidor: 5.6.39
-- Versión de PHP: 5.6.30

SET SQL_MODE = "NO_AUTO_VALUE_ON_ZERO";
SET AUTOCOMMIT = 0;
START TRANSACTION;
SET time_zone = "+00:00";


/*!40101 SET @OLD_CHARACTER_SET_CLIENT=@@CHARACTER_SET_CLIENT */;
/*!40101 SET @OLD_CHARACTER_SET_RESULTS=@@CHARACTER_SET_RESULTS */;
/*!40101 SET @OLD_COLLATION_CONNECTION=@@COLLATION_CONNECTION */;
/*!40101 SET NAMES utf8mb4 */;

--
-- Base de datos: `jangcl_tgli`
--

-- --------------------------------------------------------

--
-- Estructura de tabla para la tabla `Dimensiones`
--

CREATE TABLE `Dimensiones` (
  `IdDimencion` int(5) NOT NULL,
  `Grupo` varchar(150) NOT NULL,
  `GrupoM` varchar(150) NOT NULL,
  `Orden` int(5) NOT NULL,
  `Activo` tinyint(1) NOT NULL DEFAULT '1',
  `FechaCreacion` datetime NOT NULL DEFAULT CURRENT_TIMESTAMP
) ENGINE=MyISAM DEFAULT CHARSET=latin1;

--
-- Volcado de datos para la tabla `Dimensiones`
--

INSERT INTO `Dimensiones` (`IdDimencion`, `Grupo`, `GrupoM`, `Orden`, `Activo`, `FechaCreacion`) VALUES
(1, 'LIDERAZGO PERSONAL', 'Liderazgo Personal', 1, 1, '2018-05-17 01:22:02'),
(2, 'LIDERAZGO INTEGRADOR', 'Liderazgo Integrador', 2, 1, '2018-05-17 01:22:02'),
(3, 'LIDERAZGO ORGANIZACIONAL', 'Liderazgo Organizacional', 3, 1, '2018-05-17 01:22:50'),
(4, 'LIDERAZGO EXTRAORDINARIO', 'Liderazgo Extraordinario', 4, 1, '2018-05-17 01:22:50');

-- --------------------------------------------------------

--
-- Estructura de tabla para la tabla `Ocupacion`
--

CREATE TABLE `Ocupacion` (
  `idOcupacion` int(5) NOT NULL,
  `Ocupacion` varchar(150) NOT NULL,
  `Orden` int(5) NOT NULL,
  `FechaCreacion` datetime NOT NULL DEFAULT CURRENT_TIMESTAMP ON UPDATE CURRENT_TIMESTAMP,
  `Activo` tinyint(1) NOT NULL
) ENGINE=MyISAM DEFAULT CHARSET=latin1;

--
-- Volcado de datos para la tabla `Ocupacion`
--

INSERT INTO `Ocupacion` (`idOcupacion`, `Ocupacion`, `Orden`, `FechaCreacion`, `Activo`) VALUES
(1, 'Propietarios, emprendedores, directores, gerentes u oficiales de alto rango', 17, '2018-05-22 19:07:17', 1),
(2, 'Profesionales de nivel alto (5 años de estudio o más), científicos e intelectuales', 16, '2018-05-22 19:07:17', 1),
(3, 'Publicidad e investigación de mercados', 18, '2018-05-22 19:07:17', 1),
(4, 'Investigación científica, desarrollos e innovación', 15, '2018-05-22 19:07:17', 1),
(5, 'Inmobiliaria y construcción', 14, '2018-05-22 19:07:17', 1),
(6, 'Información y comunicaciones', 13, '2018-05-22 19:07:17', 1),
(7, 'Industrias manufactureras y de alimentos y bebidas', 12, '2018-05-22 19:07:17', 1),
(8, 'Industrias jurídicas, auditoras y contabilidad', 11, '2018-05-22 19:07:17', 1),
(9, 'Explotación de minas y canteras', 10, '2018-05-22 19:07:17', 1),
(10, 'Enseñanza', 9, '2018-05-22 19:07:17', 1),
(11, 'Consultoría y apoyo a la gestión', 8, '2018-05-22 19:07:17', 1),
(12, 'Comercio al por mayor y menor', 7, '2018-05-22 19:07:17', 1),
(13, 'Reparación de vehículos automotores y motocicletas', 19, '2018-05-22 19:07:17', 1),
(14, 'Agricultura, ganadería, silvicultura y pesca', 6, '2018-05-22 19:07:17', 1),
(15, 'Administración pública y defensa', 5, '2018-05-22 19:07:17', 1),
(16, 'Actividades financieras y de seguros', 4, '2018-05-22 19:07:17', 1),
(17, 'Actividades de atención de salud y/o de asistencia social', 3, '2018-05-22 19:07:17', 1),
(18, 'Actividades de alojamiento y/o servicio de comidas', 2, '2018-05-22 19:07:17', 1),
(19, 'Actividades artísticas, de entretenimiento y recreativas', 1, '2018-05-22 19:04:33', 1),
(20, 'Otro', 99, '2018-05-22 19:07:55', 1);

-- --------------------------------------------------------

--
-- Estructura de tabla para la tabla `Preguntas`
--

CREATE TABLE `Preguntas` (
  `IdPregunta` int(5) NOT NULL,
  `Pregunta` varchar(150) NOT NULL,
  `IdDimencion` int(5) NOT NULL,
  `Orden` int(5) NOT NULL,
  `Activo` tinyint(1) NOT NULL DEFAULT '1',
  `FechaCreacion` datetime NOT NULL DEFAULT CURRENT_TIMESTAMP
) ENGINE=MyISAM DEFAULT CHARSET=latin1;

--
-- Volcado de datos para la tabla `Preguntas`
--

INSERT INTO `Preguntas` (`IdPregunta`, `Pregunta`, `IdDimencion`, `Orden`, `Activo`, `FechaCreacion`) VALUES
(1, 'Mis acciones coinciden con mis palabras (practico lo que predico)', 1, 1, 1, '2018-05-17 01:32:39'),
(2, 'Demuestro energía positiva a diario', 1, 2, 1, '2018-05-17 01:32:39'),
(3, 'Cumplo mis promesas/compromisos', 1, 3, 1, '2018-05-17 01:34:15'),
(4, 'Manejo bien mis emociones frente a las urgencias laborales', 1, 4, 1, '2018-05-17 01:34:15'),
(5, 'Tomo decisiones de manera oportuna', 1, 5, 1, '2018-05-17 01:34:34'),
(6, 'Escucho activamente (con atención plena), cuando me hablan', 2, 6, 1, '2018-05-17 01:37:28'),
(7, 'Me preocupo genuinamente por las personas que trabajan conmigo', 2, 7, 1, '2018-05-17 01:37:28'),
(8, 'Delego tareas y responsabilidades', 2, 8, 1, '2018-05-17 01:37:28'),
(9, 'Doy retroalimentación frecuentemente, generando cambios positivos', 2, 9, 1, '2018-05-17 01:37:28'),
(10, 'Reconozco el trabajo bien realizado y el esfuerzo extra ', 2, 10, 1, '2018-05-17 01:37:28'),
(11, 'Genero instancias de comunicación, confianza, compromiso y colaboración en los equipos con los cuales trabajo ', 3, 11, 1, '2018-05-17 01:39:20'),
(12, 'Me ocupo de mejorar los procesos continuamente', 3, 12, 1, '2018-05-17 01:39:20'),
(13, 'Tengo total claridad y comparto hacia dónde vamos como organización', 3, 13, 1, '2018-05-17 01:39:20'),
(14, 'Transmito sentido de urgencia cuando es necesario (tensión asertiva) ', 3, 14, 1, '2018-05-17 01:39:20'),
(15, 'Me mantengo al tanto del progreso/estado de avance de los objetivos definidos (seguimiento)', 3, 15, 1, '2018-05-17 01:39:20');

-- --------------------------------------------------------

--
-- Estructura de tabla para la tabla `Region`
--

CREATE TABLE `Region` (
  `idRegion` int(5) NOT NULL,
  `Region` varchar(100) NOT NULL,
  `Orden` int(5) NOT NULL,
  `FechaCreacion` datetime NOT NULL DEFAULT CURRENT_TIMESTAMP,
  `Activo` tinyint(4) NOT NULL DEFAULT '1'
) ENGINE=MyISAM DEFAULT CHARSET=latin1;

--
-- Volcado de datos para la tabla `Region`
--

INSERT INTO `Region` (`idRegion`, `Region`, `Orden`, `FechaCreacion`, `Activo`) VALUES
(1, 'REGIÓN DE TARAPACÁ', 1, '2018-05-09 18:07:15', 1),
(2, 'REGIÓN DE ANTOFAGASTA', 2, '2018-05-09 18:07:15', 1),
(3, 'REGIÓN DE ATACAMA', 3, '2018-05-09 18:07:39', 1),
(4, 'REGIÓN DE COQUIMBO', 4, '2018-05-09 18:07:39', 1),
(5, 'REGIÓN DE VALPARAÍSO', 5, '2018-05-09 18:08:00', 1),
(6, 'REGIÓN DEL LIBERTADOR GENERAL BERNARDO O\'HIGGINS', 6, '2018-05-09 18:08:00', 1),
(7, 'REGIÓN DEL MAULE', 7, '2018-05-09 18:08:24', 1),
(8, 'REGIÓN DEL BÍO BÍO', 8, '2018-05-09 18:08:24', 1),
(9, 'REGIÓN DE LA ARAUCANIA', 9, '2018-05-09 18:08:47', 1),
(10, 'REGIÓN DE LOS LAGOS', 10, '2018-05-09 18:08:47', 1),
(11, 'REGIÓN DE AYSÉN DEL GENERAL CARLOS IBÁÑEZ DEL CAMPO', 11, '2018-05-09 18:09:19', 1),
(12, 'REGIÓN DE MAGALLANES Y ANTÁRTICA CHILENA', 12, '2018-05-09 18:09:19', 1),
(13, 'REGIÓN METROPOLITANA DE SANTIAGO', 13, '2018-05-09 18:09:58', 1),
(14, 'REGIÓN DE LOS RÍOS', 14, '2018-05-09 18:09:58', 1),
(15, 'REGIÓN DE ARICA Y PARINACOTA', 15, '2018-05-09 18:20:06', 1),
(16, 'Otros', 99, '2018-05-22 19:09:01', 1);

-- --------------------------------------------------------

--
-- Estructura de tabla para la tabla `Rubro`
--

CREATE TABLE `Rubro` (
  `idRubro` int(5) NOT NULL,
  `Rubro` varchar(100) NOT NULL,
  `Orden` int(5) NOT NULL,
  `FechaCreacion` datetime NOT NULL DEFAULT CURRENT_TIMESTAMP ON UPDATE CURRENT_TIMESTAMP,
  `Activo` tinyint(1) NOT NULL DEFAULT '1'
) ENGINE=MyISAM DEFAULT CHARSET=latin1;

--
-- Volcado de datos para la tabla `Rubro`
--

INSERT INTO `Rubro` (`idRubro`, `Rubro`, `Orden`, `FechaCreacion`, `Activo`) VALUES
(1, 'Transporte y almacenamiento', 19, '2018-05-22 19:12:41', 1),
(2, 'Suministro de electricidad, gas, vapor y aire acondicionado', 18, '2018-05-22 19:12:41', 1),
(3, 'Publicidad e investigación de mercados', 16, '2018-05-22 19:12:41', 1),
(4, 'Investigación científica, desarrollos e innovación', 15, '2018-05-22 19:12:41', 1),
(5, 'Inmobiliaria y construcción', 14, '2018-05-22 19:12:41', 1),
(6, 'Información y comunicaciones', 13, '2018-05-22 19:12:41', 1),
(7, 'Industrias manufactureras y de alimentos y bebidas', 12, '2018-05-22 19:12:41', 1),
(8, 'Industrias jurídicas, auditoras y contabilidad', 11, '2018-05-22 19:12:41', 1),
(9, 'Explotación de minas y canteras', 10, '2018-05-22 19:12:41', 1),
(10, 'Enseñanza', 9, '2018-05-22 19:12:41', 1),
(11, 'Consultoría y apoyo a la gestión', 8, '2018-05-22 19:12:41', 1),
(12, 'Comercio al por mayor y menor', 7, '2018-05-22 19:12:41', 1),
(13, 'Reparación de vehículos automotores y motocicletas', 17, '2018-05-22 19:12:41', 1),
(14, 'Agricultura, ganadería, silvicultura y pesca', 6, '2018-05-22 19:12:41', 1),
(15, 'Administración pública y defensa', 5, '2018-05-22 19:12:41', 1),
(16, 'Actividades financieras y de seguros', 4, '2018-05-22 19:12:41', 1),
(17, 'Actividades de atención de salud y/o de asistencia social', 3, '2018-05-22 19:12:41', 1),
(18, 'Actividades de alojamiento y/o servicio de comidas', 2, '2018-05-22 19:12:41', 1),
(19, 'Actividades artísticas, de entretenimiento y recreativas', 1, '2018-05-22 19:12:41', 1),
(20, 'Otros', 99, '2018-05-22 19:12:59', 1);

-- --------------------------------------------------------

--
-- Estructura de tabla para la tabla `Usuarios`
--

CREATE TABLE `Usuarios` (
  `idUsuario` int(11) NOT NULL,
  `NombreCompleto` varchar(150) CHARACTER SET utf8 COLLATE utf8_unicode_ci NOT NULL,
  `Genero` varchar(15) CHARACTER SET utf8 COLLATE utf8_unicode_ci NOT NULL,
  `eMail` varchar(100) CHARACTER SET utf8 COLLATE utf8_unicode_ci NOT NULL,
  `FechaNacimiento` date NOT NULL,
  `IdOcupacion` int(5) NOT NULL,
  `OtroOcupacion` varchar(100) CHARACTER SET utf8 COLLATE utf8_unicode_ci NOT NULL,
  `IdRubro` int(5) NOT NULL,
  `OtroRubro` varchar(100) CHARACTER SET utf8 COLLATE utf8_unicode_ci NOT NULL,
  `IdRegion` int(5) NOT NULL,
  `OtroRegion` varchar(100) CHARACTER SET utf8 COLLATE utf8_unicode_ci NOT NULL,
  `ComoSupo` varchar(50) CHARACTER SET utf8 COLLATE utf8_unicode_ci NOT NULL,
  `p1` int(5) NOT NULL,
  `p2` int(5) NOT NULL,
  `p3` int(5) NOT NULL,
  `p4` int(5) NOT NULL,
  `p5` int(5) NOT NULL,
  `p6` int(5) NOT NULL,
  `p7` int(5) NOT NULL,
  `p8` int(5) NOT NULL,
  `p9` int(5) NOT NULL,
  `p10` int(5) NOT NULL,
  `p11` int(5) NOT NULL,
  `p12` int(5) NOT NULL,
  `p13` int(5) NOT NULL,
  `p14` int(5) NOT NULL,
  `p15` int(5) NOT NULL,
  `FechaCreacion` datetime NOT NULL DEFAULT CURRENT_TIMESTAMP
) ENGINE=MyISAM DEFAULT CHARSET=latin1;

--
-- Volcado de datos para la tabla `Usuarios`
--

INSERT INTO `Usuarios` (`idUsuario`, `NombreCompleto`, `Genero`, `eMail`, `FechaNacimiento`, `IdOcupacion`, `OtroOcupacion`, `IdRubro`, `OtroRubro`, `IdRegion`, `OtroRegion`, `ComoSupo`, `p1`, `p2`, `p3`, `p4`, `p5`, `p6`, `p7`, `p8`, `p9`, `p10`, `p11`, `p12`, `p13`, `p14`, `p15`, `FechaCreacion`) VALUES
(313, 'Laura Illanes ', 'Masculino', 'lillanes@tgli.cl', '1979-12-15', 20, 'Coach', 20, '', 16, 'otro ', '1', 4, 4, 4, 4, 4, 2, 2, 2, 2, 2, 3, 3, 3, 3, 3, '2018-05-29 11:23:44'),
(314, 'Jorge', 'Masculino', 'hhh', '2018-05-10', 1, '-', 3, '-', 10, '-', '1', 2, 2, 2, 2, 2, 3, 3, 3, 3, 3, 4, 4, 4, 4, 4, '2018-05-29 13:22:37'),
(310, 'Y', 'Masculino', 't', '2018-05-27', 9, '-', 9, '-', 11, '-', '1', 0, 0, 0, 0, 0, 0, 0, 0, 0, 0, 0, 0, 0, 0, 0, '2018-05-27 02:32:29'),
(311, 'Y', 'Masculino', 't', '2018-05-27', 9, '-', 9, '-', 11, '-', '1', 0, 0, 0, 0, 0, 0, 0, 0, 0, 0, 0, 0, 0, 0, 0, '2018-05-27 02:32:32'),
(312, 'Y', 'Masculino', 't', '2018-05-27', 9, '-', 9, '-', 11, '-', '1', 2, 5, 5, 5, 5, 5, 5, 5, 5, 5, 5, 5, 5, 5, 5, '2018-05-27 02:34:23'),
(309, 'Yy', 'Masculino', 'y', '2018-05-28', 11, '-', 11, '-', 8, '-', '1', 0, 0, 0, 0, 0, 0, 0, 0, 0, 0, 0, 0, 0, 0, 0, '2018-05-27 02:31:20'),
(307, 'Rd', 'Masculino', 'ppla@arstecne.cl', '2017-05-27', 19, '-', 14, '-', 7, '-', '1', 0, 0, 0, 0, 0, 0, 0, 0, 0, 0, 0, 0, 0, 0, 0, '2018-05-27 02:25:23'),
(308, 'Rd', 'Masculino', 'ppla@arstecne.cl', '2017-05-27', 19, '-', 14, '-', 7, '-', '1', 0, 0, 0, 0, 0, 0, 0, 0, 0, 0, 0, 0, 0, 0, 0, '2018-05-27 02:27:14'),
(306, 'Pablo Pla', 'Masculino', 'ppla@arstecne.cl', '1974-04-17', 1, '-', 11, '-', 13, '-', '1', 5, 4, 5, 5, 5, 4, 5, 5, 4, 4, 5, 4, 4, 4, 5, '2018-05-27 02:01:55'),
(291, 'Jorge Navarro', 'Masculino', 'vbvcbcv@koke.cl', '2018-05-19', 17, '-', 17, '-', 3, '-', '1', 0, 0, 0, 0, 0, 0, 0, 0, 0, 0, 0, 0, 0, 0, 0, '2018-05-25 17:12:32'),
(292, 'Jorge Navarro G. 212121', 'Masculino', 'vbvcbcv@koke.cl', '2018-05-10', 18, '-', 16, '-', 4, '-', '1', 0, 0, 0, 0, 0, 0, 0, 0, 0, 0, 0, 0, 0, 0, 0, '2018-05-25 17:14:09'),
(293, 'Jorge Navarro G.aaa', 'Masculino', 'ytryr@hfhf.cl', '2018-05-30', 17, '-', 17, '-', 4, '-', '1', 0, 0, 0, 0, 0, 0, 0, 0, 0, 0, 0, 0, 0, 0, 0, '2018-05-25 17:19:44'),
(294, 'Jorge Navarro G.aaa', 'Masculino', 'ytryr@hfhf.cl', '2018-05-30', 17, '-', 17, '-', 4, '-', '1', 0, 0, 0, 0, 0, 0, 0, 0, 0, 0, 0, 0, 0, 0, 0, '2018-05-25 17:29:39'),
(295, 'Jorge', 'Masculino', 'as', '2018-05-03', 18, '-', 17, '-', 4, '-', '1', 0, 0, 0, 0, 0, 0, 0, 0, 0, 0, 0, 0, 0, 0, 0, '2018-05-25 17:30:18'),
(296, 'jorge', 'Masculino', 'e', '2018-05-08', 17, '-', 16, '-', 3, '-', '1', 0, 0, 0, 0, 0, 0, 0, 0, 0, 0, 0, 0, 0, 0, 0, '2018-05-25 17:57:42'),
(297, 'juan', 'Masculino', 'eee', '2018-05-10', 16, '-', 15, '-', 6, '-', '1', 0, 0, 0, 0, 0, 0, 0, 0, 0, 0, 0, 0, 0, 0, 0, '2018-05-25 17:58:06'),
(298, 'Jorge Navarro', 'Masculino', 'jorge.navarro@jang.cl', '1964-06-01', 17, '-', 20, 'Ingeniería Sistema', 16, 'Ecuador', '1', 0, 0, 0, 0, 0, 0, 0, 0, 0, 0, 0, 0, 0, 0, 0, '2018-05-25 18:02:05'),
(299, 'Lorena Andrade', 'Masculino', 'd', '1964-01-19', 17, '-', 16, '-', 4, '-', '1', 0, 0, 0, 0, 0, 0, 0, 0, 0, 0, 0, 0, 0, 0, 0, '2018-05-25 18:06:14'),
(300, 'Lorena Andrade', 'Masculino', 'd', '2018-05-10', 17, '-', 17, '-', 6, '-', '1', 0, 0, 0, 0, 0, 0, 0, 0, 0, 0, 0, 0, 0, 0, 0, '2018-05-25 18:12:31'),
(301, 'Lore Carcamo', 'Masculino', 'sd', '2018-05-23', 18, '-', 16, '-', 5, '-', '1', 0, 0, 0, 0, 0, 0, 0, 0, 0, 0, 0, 0, 0, 0, 0, '2018-05-25 18:17:21'),
(302, 'ssssssss', 'Masculino', 'sssss', '2018-05-10', 17, '-', 17, '-', 7, '-', '1', 2, 2, 2, 2, 2, 3, 3, 3, 3, 3, 4, 4, 4, 4, 4, '2018-05-25 18:21:07'),
(303, 'jorge navarro', 'Masculino', 'dd', '2018-05-04', 19, '-', 17, '-', 16, 'China', '1', 2, 3, 3, 2, 2, 3, 4, 4, 4, 4, 4, 4, 3, 3, 3, '2018-05-25 18:56:35'),
(304, 'jorge navarro', 'Masculino', 'dd', '2018-05-04', 19, '-', 17, '-', 16, 'China', '1', 2, 2, 4, 2, 3, 3, 3, 2, 5, 5, 0, 3, 3, 4, 3, '2018-05-25 18:58:20'),
(305, 'wq', 'Masculino', 'w', '2001-01-01', 18, '-', 17, '-', 3, '-', '1', 2, 2, 2, 2, 3, 2, 2, 2, 2, 2, 5, 5, 5, 4, 5, '2018-05-25 20:38:31'),
(315, 'ghgh', 'Masculino', 'g', '2018-05-09', 18, '-', 0, '', 1, 'undefined', 'undefined', 2, 2, 2, 2, 2, 3, 3, 3, 3, 3, 4, 4, 4, 4, 4, '2018-05-29 20:05:17'),
(316, '', '', '', '0000-00-00', 0, '', 0, '', 0, '', '', 0, 0, 0, 0, 0, 0, 0, 0, 0, 0, 0, 0, 0, 0, 0, '2018-05-30 19:00:12'),
(317, 'hy', 'Masculino', 'yhy', '2018-05-11', 1, '-', 0, '', 12, '-', '1', 0, 2, 2, 2, 3, 0, 2, 3, 2, 0, 3, 4, 4, 3, 4, '2018-05-31 06:52:47'),
(318, 'Jorge Navarro', 'Masculino', 's', '2018-05-17', 3, '-', 0, '', 11, '-', '1', 2, 2, 2, 2, 2, 5, 5, 0, 5, 5, 5, 4, 5, 4, 5, '2018-05-31 08:13:12'),
(319, 'jorge navarro gaete', 'Masculino', 'dddd', '2018-05-03', 5, '-', 0, '', 10, '-', '1', 3, 5, 4, 5, 4, 5, 5, 5, 5, 5, 4, 5, 5, 4, 4, '2018-05-31 08:19:43'),
(320, 'Laura Illanes ', 'Masculino', 'lillanes@tgli.cl', '1979-12-15', 11, '-', 0, '', 16, 'Argentina', '1', 0, 0, 0, 0, 0, 0, 0, 0, 0, 0, 0, 0, 0, 0, 0, '2018-06-01 12:14:12'),
(321, '', '', '', '0000-00-00', 0, '', 0, '', 0, '', '', 0, 0, 0, 0, 0, 0, 0, 0, 0, 0, 0, 0, 0, 0, 0, '2018-06-04 16:11:38'),
(322, '', '', '', '0000-00-00', 0, '', 0, '', 0, '', '', 0, 0, 0, 0, 0, 0, 0, 0, 0, 0, 0, 0, 0, 0, 0, '2018-06-06 02:36:58'),
(323, '', '', '', '0000-00-00', 0, '', 0, '', 0, '', '', 0, 0, 0, 0, 0, 0, 0, 0, 0, 0, 0, 0, 0, 0, 0, '2018-06-10 12:22:41'),
(324, 'X', 'Masculino', 'XXX', '2018-06-14', 16, '-', 0, '', 3, '-', '1', 0, 2, 3, 3, 4, 5, 4, 3, 2, 2, 2, 3, 3, 4, 4, '2018-06-12 00:32:07');

--
-- Índices para tablas volcadas
--

--
-- Indices de la tabla `Dimensiones`
--
ALTER TABLE `Dimensiones`
  ADD PRIMARY KEY (`IdDimencion`);

--
-- Indices de la tabla `Ocupacion`
--
ALTER TABLE `Ocupacion`
  ADD PRIMARY KEY (`idOcupacion`);

--
-- Indices de la tabla `Preguntas`
--
ALTER TABLE `Preguntas`
  ADD PRIMARY KEY (`IdPregunta`);

--
-- Indices de la tabla `Region`
--
ALTER TABLE `Region`
  ADD PRIMARY KEY (`idRegion`);

--
-- Indices de la tabla `Rubro`
--
ALTER TABLE `Rubro`
  ADD PRIMARY KEY (`idRubro`);

--
-- Indices de la tabla `Usuarios`
--
ALTER TABLE `Usuarios`
  ADD PRIMARY KEY (`idUsuario`);

--
-- AUTO_INCREMENT de las tablas volcadas
--

--
-- AUTO_INCREMENT de la tabla `Dimensiones`
--
ALTER TABLE `Dimensiones`
  MODIFY `IdDimencion` int(5) NOT NULL AUTO_INCREMENT, AUTO_INCREMENT=5;

--
-- AUTO_INCREMENT de la tabla `Ocupacion`
--
ALTER TABLE `Ocupacion`
  MODIFY `idOcupacion` int(5) NOT NULL AUTO_INCREMENT, AUTO_INCREMENT=21;

--
-- AUTO_INCREMENT de la tabla `Preguntas`
--
ALTER TABLE `Preguntas`
  MODIFY `IdPregunta` int(5) NOT NULL AUTO_INCREMENT, AUTO_INCREMENT=16;

--
-- AUTO_INCREMENT de la tabla `Region`
--
ALTER TABLE `Region`
  MODIFY `idRegion` int(5) NOT NULL AUTO_INCREMENT, AUTO_INCREMENT=17;

--
-- AUTO_INCREMENT de la tabla `Rubro`
--
ALTER TABLE `Rubro`
  MODIFY `idRubro` int(5) NOT NULL AUTO_INCREMENT, AUTO_INCREMENT=21;

--
-- AUTO_INCREMENT de la tabla `Usuarios`
--
ALTER TABLE `Usuarios`
  MODIFY `idUsuario` int(11) NOT NULL AUTO_INCREMENT, AUTO_INCREMENT=325;
COMMIT;

/*!40101 SET CHARACTER_SET_CLIENT=@OLD_CHARACTER_SET_CLIENT */;
/*!40101 SET CHARACTER_SET_RESULTS=@OLD_CHARACTER_SET_RESULTS */;
/*!40101 SET COLLATION_CONNECTION=@OLD_COLLATION_CONNECTION */;
